pose 22 = 4*f + k, 25 = 3*f + a*k + 2*k. What is the greatest common divisor of f and 55?
5
Suppose -o + 5 = -2*o. Let t be (-1 + 2)/(o/(-40)). What is the greatest common divisor of 8 and t?
8
Let t(r) = r**3 - 5*r**2 - 6*r + 9. Let o be t(6). Let y be 6/o - (-268)/3. Let p = -13 - -23. Calculate the highest common divisor of p and y.
10
Let r = -22 - -33. Let w be ((-231)/(-28))/(6/16). What is the greatest common factor of w and r?
11
Let m = 124 + -34. Suppose -o - 11 = 4. Let r be o/4*16/(-6). What is the highest common divisor of r and m?
10
Let y = -43 - -79. Suppose 0 = 3*i + i - y. What is the highest common factor of 63 and i?
9
Let v be (-3 - -4)/((-4)/(-16)). What is the greatest common factor of v and 6?
2
Let t = -15 + 18. Suppose b = -r + 2*b + 159, 155 = r - t*b. What is the greatest common factor of 23 and r?
23
Let y(f) = -20*f - 2. Let a be y(-2). Let r(l) = -4*l. Let z be r(6). Let v = z + a. What is the highest common factor of 35 and v?
7
Suppose -7*m - 4 = -3*m. Let k be (-3)/(m/(-3)*-1). What is the highest common divisor of 45 and k?
9
Let h be 50 - ((-4)/(-2) - 1). Let v be (-3 + 0)*(-28)/3. Let m = h - v. What is the greatest common divisor of 3 and m?
3
Let w be (16/1)/(2/3). Let y = w - 2. Suppose -55 = -7*b + 2*b. Calculate the greatest common divisor of y and b.
11
Suppose 3*u - 2*u - 6 = 0. Let r(c) = c**2 + 5. Let a(k) = k**2 + k - 1. Let t be a(-3). Let z be r(t). What is the greatest common divisor of z and u?
6
Let a be (-145)/10*(2 + -16). What is the greatest common divisor of a and 29?
29
Suppose -2*w - 4 = -28. What is the highest common divisor of 24 and w?
12
Suppose 0 = d - 5*q - 31, 2*q - 14 = -5*d + d. Calculate the greatest common divisor of d and 42.
6
Suppose o - 5*o = 0. Suppose o = 5*c - 10*c + 520. Let x(d) = -5*d - 2. Let q be x(-3). Calculate the highest common divisor of q and c.
13
Suppose 4*m = -4*b + 80, 0 = 4*b - 3*m - 126 + 32. Calculate the greatest common factor of b and 198.
22
Suppose -v + 65 = -l - 4*l, 0 = 5*l. What is the greatest common divisor of v and 52?
13
Let l(n) = 14 - 6*n + 4*n - 2*n + 3*n. Let w be l(0). What is the greatest common divisor of w and 112?
14
Let q be (-2*(1 + 0))/(-1). Suppose 3*v = 3*m, -3*v + 20 = q*m - 0*v. Suppose m*c = c + 30. What is the greatest common divisor of c and 5?
5
Let j = 34 - 21. Calculate the highest common divisor of 39 and j.
13
Suppose -4*s + 32 = -b, 4*s - 3*s - 8 = -2*b. Suppose 16 = 2*t - s. Calculate the greatest common divisor of t and 8.
4
Let n(t) = -6*t. Let l be n(-1). Let u = -153 - -315. Suppose 4*s - u = s. What is the highest common factor of l and s?
6
Let s = -38 + 92. Suppose 61*h - 63*h - 174 = -5*b, -4*b + 3*h + 135 = 0. What is the highest common divisor of s and b?
18
Let j be 2*(14 + -4 + 0). Calculate the greatest common divisor of 160 and j.
20
Suppose 0 = 2*g - 16 + 4. Let a be g/(-45) + (-94)/(-30). Calculate the highest common divisor of a and 21.
3
Suppose 0*f = 2*f - 20. What is the greatest common divisor of 4 and f?
2
Let v = 38 + -29. What is the greatest common divisor of 72 and v?
9
Suppose -2*g + 2*s = -34, -3*g - 2*s - 97 = -8*g. Calculate the highest common divisor of g and 42.
21
Let z be (-10)/(((-15)/(-27))/(-5)). Let s = 109 - 73. What is the highest common divisor of z and s?
18
Let a(o) be the first derivative of -o**2 + o - 1. Let r be a(-4). Let m be (-2*1 - -4) + r. Calculate the highest common factor of m and 55.
11
Suppose -10*i = -i - 63. What is the greatest common factor of 35 and i?
7
Suppose 11*g = 72 + 27. Calculate the highest common factor of 9 and g.
9
Suppose 6 = y + 3. Suppose n - y*i - 116 = 0, -65 = 3*n - 2*i - 399. Calculate the greatest common factor of 10 and n.
10
Let x(v) = v - v**2 - 7*v - 8 - 3*v. Let z be x(-7). What is the highest common divisor of z and 42?
6
Suppose 81 = 4*w - 31. What is the greatest common factor of w and 7?
7
Let y = 186 + -184. Let t = 24 + 18. Suppose -302 = -y*m - t. Calculate the greatest common factor of m and 13.
13
Let o = -10 - -2. Let i be (-2)/8 - 130/o. What is the highest common factor of 112 and i?
16
Let o = 3 - 3. Let g(a) = a**2 + o*a**2 + 0*a**2 - 6. Let u be g(-5). What is the highest common factor of u and 209?
19
Let b = 7 - 5. Let m be -11*b*(-3)/6. Suppose 2*a + 2*c - 5 = c, -2*a + 5*c + m = 0. What is the highest common factor of a and 6?
3
Suppose 854 = 5*k - 4*o, 166 = 2*k - k + 4*o. What is the greatest common divisor of 34 and k?
34
Let o = -6 - -2. Let a = o - -3. Let n(k) = -153*k**3 + k**2 - k - 1. Let h be n(a). What is the greatest common divisor of h and 14?
14
Let z be ((-1)/2)/(-1)*12. Let d be 51*2/z*1. What is the highest common factor of 119 and d?
17
Let q(f) be the second derivative of f**5/20 + 5*f**4/12 + 2*f**3/3 + 3*f**2/2 - 5*f. Let p be q(-3). Calculate the highest common divisor of 1 and p.
1
Let n(q) = -q - 1. Let o be n(-2). Let w be (0 - o)*(-1 + 2). Let b = w - -3. What is the greatest common factor of b and 1?
1
Suppose 71 = -t + 6*t + 4*b, 0 = -3*t + 3*b + 48. Calculate the greatest common factor of t and 15.
15
Let g(y) = 169*y**2 - y - 2. Let a be g(-1). What is the highest common factor of a and 42?
42
Let n = -6 - -4. Let f be -2 - -1*(17 + n). Calculate the greatest common factor of f and 78.
13
Suppose 2*q = q + 154. Suppose 0 = f - 2*f + 5. Suppose 70 = -0*m + f*m. Calculate the greatest common divisor of q and m.
14
Let y = -151 + 213. Calculate the greatest common divisor of y and 248.
62
Let z(t) = -3*t**2 + 2*t - 2. Let s(p) = -10*p**2 + 6*p - 6. Let m(a) = 2*s(a) - 7*z(a). Let b be m(3). Calculate the highest common divisor of 15 and b.
5
Let a be -2*3*21/(-7). Suppose b + 288 = 2*j, 0*b = 4*b. What is the greatest common divisor of a and j?
18
Let s(r) = 3*r**2 + r + 1. Let i be s(2). Suppose 2*t + 4*m + i = -3*t, -m = -4*t + 9. Calculate the highest common factor of t and 7.
1
Let i(o) = -o + 13. Let g be i(-5). What is the highest common factor of 45 and g?
9
Suppose 0 = -7*f + 2*f - 2*j + 886, 0 = 5*f - j - 877. Suppose m + 3*m = f. Calculate the highest common divisor of 11 and m.
11
Suppose 20 + 10 = 5*v. Calculate the greatest common factor of 6 and v.
6
Suppose m = 4 - 0. Let x(q) = 2*q - q**2 - 2 + m*q**2 - q + 0*q**2. Let h be x(3). What is the highest common divisor of 7 and h?
7
Suppose -3 = -4*j + 13. Let f = -2 - -14. Calculate the greatest common factor of f and j.
4
Suppose -4*f = -0*f - 604. Let j = 261 - f. Let u = -19 - -29. What is the greatest common divisor of j and u?
10
Suppose -5*c = -2*b + 266, 0 = b - 5*c + 8 - 131. What is the highest common factor of 13 and b?
13
Let u be ((-2)/3)/(8/(-12)). Let j(t) = t**2 + 8*t + 5. Let c be j(-6). Let p = 14 + c. What is the highest common divisor of u and p?
1
Let y(k) = -2*k**3 - 2*k**2 + 3*k + 2. Let f be y(-2). Let i = -36 + 68. What is the highest common factor of f and i?
4
Suppose 0 = -0*w + 2*w + 4*h - 42, 4*w - 29 = 3*h. Suppose 2*x - 3*x = -w. Calculate the greatest common factor of x and 11.
11
Let t = -314 + 523. What is the greatest common divisor of 19 and t?
19
Let m = 40 - 29. What is the highest common factor of 99 and m?
11
Let a(f) = 4*f + 2. Let c = 6 + -2. Let k be a(c). Let n = k + -5. What is the greatest common factor of 26 and n?
13
Let n be ((-9)/6)/(1/(-2)). Suppose 2*q + n*z = 5*q, 2*z = -q + 12. Suppose -5 = 4*k - 21. What is the highest common factor of q and k?
4
Suppose k + 3*r - 16 = 4*r, k = -2*r + 4. Suppose -3*w = i - 16, 4*i - 2*w - 32 = -6*w. Suppose i*u - 14 = 322. What is the greatest common divisor of u and k?
12
Let r be 2/((-16)/(-26))*4. Let l = 313 + -162. Let p = l - 86. What is the greatest common divisor of r and p?
13
Suppose -l + 9*l - 480 = 0. What is the highest common divisor of 30 and l?
30
Let x = 64 + -46. Calculate the greatest common divisor of 198 and x.
18
Suppose 5*w - 132 - 43 = 0. Let v be 206/14 - (-10)/w. What is the highest common factor of v and 60?
15
Let x(m) = -m**3 + 7*m**2 + m + 5. Let p be x(7). Calculate the greatest common divisor of p and 6.
6
Let x = -6 + 0. Let v be (-64)/x - (-3)/9. Calculate the greatest common divisor of 77 and v.
11
Let t(a) = 5*a**2 - a - 1. Let s(w) = 6*w**2 - 2*w - 2. Let m(l) = -2*s(l) + 3*t(l). Let q be m(-3